{"id":14,"date":"2018-07-17T15:12:36","date_gmt":"2018-07-17T15:12:36","guid":{"rendered":"http:\/\/mozartschule-mannheim.de\/?page_id=14"},"modified":"2025-10-19T19:23:34","modified_gmt":"2025-10-19T17:23:34","slug":"ags-und-projekte","status":"publish","type":"page","link":"https:\/\/mozartschule-mannheim.de\/?page_id=14","title":{"rendered":"AG\u00b4s und Projekte"},"content":{"rendered":"\n<p class=\"wp-block-paragraph\">Montag, 6. Std. Schulchor in R2<\/p>\n\n\n\n<p class=\"wp-block-paragraph\">Montag, 6. Std. Garten-AG in R2<\/p>\n\n\n\n<p class=\"wp-block-paragraph\">Donnerstag, 1. Std. Schulchor in M6<\/p>\n\n\n\n<p class=\"wp-block-paragraph\"><\/p>\n\n\n\n<p class=\"wp-block-paragraph\">Dienstag, 6. Std. und Mittwoch 7. Std. Leseinsel in R2<\/p>\n\n\n\n<p class=\"wp-block-paragraph\"><\/p>\n\n\n\n<h4 class=\"wp-block-heading\"><strong>LESEF\u00d6RDERUNG:<\/strong><\/h4>\n\n\n\n<p class=\"wp-block-paragraph\">Zusammenarbeit mit:\n\nStadtb\u00fccherei\nMannheimer Morgen, 4. Klassen\nLesepatinnen<\/p>\n\n\n\n<p class=\"wp-block-paragraph\">Schulintern:\n\nB\u00fccherinsel\nAktionstag w\u00e4hrend der Frederickwoche\nFeste Lesestunden\nLesetagebuch<\/p>\n\n\n\n<h2 class=\"wp-block-heading\"><strong>LESESCHULE:<\/strong><\/h2>\n\n\n\n<p class=\"wp-block-paragraph\">Ingrid Eisenhauer<br>Kontakt:<br><a href=\"mailto:ingrid.eisenhauer@mozartschule-mannheim.de\">ingrid.eisenhauer@mozartschule-mannheim.de<\/a><\/p>\n\n\n\n<p class=\"wp-block-paragraph\"><\/p>\n\n\n\n<h4 class=\"wp-block-heading\"><strong>SPORT UND GESUNDHEIT:<\/strong><\/h4>\n\n\n\n<p class=\"wp-block-paragraph\">Eislaufen im Eislaufzentrum Herzogenried, 2. \u2013 4. Klassen <a href=\"https:\/\/www.mannheim.de\/de\/service-bieten\/sport\/eislaufen\/willkommen\">(Klicken Sie hier um das Eislaufzentrum zu sehen.)<\/a><\/p>\n\n\n\n<p class=\"wp-block-paragraph\">Schwimmunterricht im Herschelbad, 3. Klassen <a href=\"https:\/\/www.mannheim.de\/de\/service-bieten\/sport\/schwimmbaeder\/herschelbad\">(Klicken Sie&nbsp;hier um das Herschelbad zu sehen.)<\/a><\/p>\n\n\n\n<p class=\"wp-block-paragraph\">Bundesjugendspiele<\/p>\n\n\n\n<h4 class=\"wp-block-heading\"><strong>GEWALTPR\u00c4VENTION:<\/strong><\/h4>\n\n\n\n<p class=\"wp-block-paragraph\"><a href=\"http:\/\/mozartschule-mannheim.de\/wp-content\/uploads\/2018\/09\/Hausordnung.pdf\">Hausordnung<\/a><\/p>\n\n\n\n<p class=\"wp-block-paragraph\">Pr\u00e4ventionswoche jeweils im Herbst\nStopphand\nStreitschlichter\/ Pausenhelfer\nPatenschaften\nProblemaufbereitung&nbsp;&#8211; im Klassen- und Einzelgespr\u00e4ch<\/p>\n\n\n\n<h4 class=\"wp-block-heading\"><strong>NATUR:<\/strong><\/h4>\n\n\n\n<p class=\"wp-block-paragraph\">Projektwoche\nSchulhofbegr\u00fcnung<\/p>\n\n\n\n<h4 class=\"wp-block-heading\">\nFalkenbeobachtung: Bericht \u00fcber die Wanderfalken im Turm der Konkordienkirche auf&nbsp;SWR 4:<\/h4>\n\n\n<!--[if lt IE 9]><script>document.createElement('audio');<\/script><![endif]-->\n<audio class=\"wp-audio-shortcode\" id=\"audio-14-1\" preload=\"none\" style=\"width: 100%;\" controls=\"controls\"><source type=\"audio\/mpeg\" src=\"http:\/\/mozartschule-mannheim.de\/wp-content\/uploads\/2018\/07\/03-04-2009_1248_uhr_regie2.mus_.mp3?_=1\" \/><a href=\"http:\/\/mozartschule-mannheim.de\/wp-content\/uploads\/2018\/07\/03-04-2009_1248_uhr_regie2.mus_.mp3\">http:\/\/mozartschule-mannheim.de\/wp-content\/uploads\/2018\/07\/03-04-2009_1248_uhr_regie2.mus_.mp3<\/a><\/audio>\n\n\n\n<figure class=\"wp-block-gallery has-nested-images columns-default is-cropped wp-block-gallery-1 is-layout-flex wp-block-gallery-is-layout-flex\">\n<figure class=\"wp-block-image size-large\"><img loading=\"lazy\" decoding=\"async\" width=\"300\" height=\"225\" data-id=\"55\" src=\"https:\/\/mozartschule-mannheim.de\/wp-content\/uploads\/2018\/07\/Wanderfalken1.jpg\" alt=\"\" class=\"wp-image-55\"\/><figcaption class=\"wp-element-caption\"><em><strong>Die K\u00fcken sind geschl\u00fcpft<\/strong><\/em><\/figcaption><\/figure>\n<\/figure>\n\n\n\n<figure class=\"wp-block-gallery has-nested-images columns-default is-cropped wp-block-gallery-2 is-layout-flex wp-block-gallery-is-layout-flex\">\n<figure class=\"wp-block-image size-large\"><img loading=\"lazy\" decoding=\"async\" width=\"300\" height=\"225\" data-id=\"56\" src=\"https:\/\/mozartschule-mannheim.de\/wp-content\/uploads\/2018\/07\/Wanderfalken2.jpg\" alt=\"\" class=\"wp-image-56\"\/><figcaption class=\"wp-element-caption\"><strong><em>Wann kommt Mama?<\/em><\/strong><\/figcaption><\/figure>\n<\/figure>\n\n\n\n<figure class=\"wp-block-gallery has-nested-images columns-default is-cropped wp-block-gallery-3 is-layout-flex wp-block-gallery-is-layout-flex\">\n<figure class=\"wp-block-image size-large\"><img loading=\"lazy\" decoding=\"async\" width=\"300\" height=\"225\" data-id=\"57\" src=\"https:\/\/mozartschule-mannheim.de\/wp-content\/uploads\/2018\/07\/Wanderfalken3.jpg\" alt=\"\" class=\"wp-image-57\"\/><figcaption class=\"wp-element-caption\"><em><strong>Auf zu neuen Taten<\/strong><\/em><\/figcaption><\/figure>\n<\/figure>\n\n\n\n<figure class=\"wp-block-gallery has-nested-images columns-default is-cropped wp-block-gallery-4 is-layout-flex wp-block-gallery-is-layout-flex\">\n<figure class=\"wp-block-image size-large\"><img loading=\"lazy\" decoding=\"async\" width=\"300\" height=\"225\" data-id=\"58\" src=\"https:\/\/mozartschule-mannheim.de\/wp-content\/uploads\/2018\/07\/Wanderfalken4.jpg\" alt=\"\" class=\"wp-image-58\"\/><figcaption class=\"wp-element-caption\"><strong><em>Der Ausrei\u00dfer wird eingefangen<\/em><\/strong><\/figcaption><\/figure>\n<\/figure>\n","protected":false},"excerpt":{"rendered":"<p>Montag, 6. Std. Schulchor in R2 Montag, 6. Std. Garten-AG in R2 Donnerstag, 1. Std. Schulchor in M6 Dienstag, 6. Std. und Mittwoch 7. Std. Leseinsel in R2 LESEF\u00d6RDERUNG: Zusammenarbeit mit: Stadtb\u00fccherei Mannheimer Morgen, 4. Klassen Lesepatinnen Schulintern: B\u00fccherinsel Aktionstag w\u00e4hrend der Frederickwoche Feste Lesestunden Lesetagebuch LESESCHULE: Ingrid EisenhauerKontakt:ingrid.eisenhauer@mozartschule-mannheim.de SPORT UND GESUNDHEIT: Eislaufen im Eislaufzentrum [&hellip;]<\/p>\n","protected":false},"author":1,"featured_media":0,"parent":5,"menu_order":6,"comment_status":"closed","ping_status":"closed","template":"","meta":{"_crdt_document":"","footnotes":""},"class_list":["post-14","page","type-page","status-publish","hentry"],"_links":{"self":[{"href":"https:\/\/mozartschule-mannheim.de\/index.php?rest_route=\/wp\/v2\/pages\/14","targetHints":{"allow":["GET"]}}],"collection":[{"href":"https:\/\/mozartschule-mannheim.de\/index.php?rest_route=\/wp\/v2\/pages"}],"about":[{"href":"https:\/\/mozartschule-mannheim.de\/index.php?rest_route=\/wp\/v2\/types\/page"}],"author":[{"embeddable":true,"href":"https:\/\/mozartschule-mannheim.de\/index.php?rest_route=\/wp\/v2\/users\/1"}],"replies":[{"embeddable":true,"href":"https:\/\/mozartschule-mannheim.de\/index.php?rest_route=%2Fwp%2Fv2%2Fcomments&post=14"}],"version-history":[{"count":38,"href":"https:\/\/mozartschule-mannheim.de\/index.php?rest_route=\/wp\/v2\/pages\/14\/revisions"}],"predecessor-version":[{"id":994,"href":"https:\/\/mozartschule-mannheim.de\/index.php?rest_route=\/wp\/v2\/pages\/14\/revisions\/994"}],"up":[{"embeddable":true,"href":"https:\/\/mozartschule-mannheim.de\/index.php?rest_route=\/wp\/v2\/pages\/5"}],"wp:attachment":[{"href":"https:\/\/mozartschule-mannheim.de\/index.php?rest_route=%2Fwp%2Fv2%2Fmedia&parent=14"}],"curies":[{"name":"wp","href":"https:\/\/api.w.org\/{rel}","templated":true}]}}

<p class="wp-block-paragraph">Montag, 6. Std. Schulchor in R2</p>



<p class="wp-block-paragraph">Montag, 6. Std. Garten-AG in R2</p>



<p class="wp-block-paragraph">Donnerstag, 1. Std. Schulchor in M6</p>



<p class="wp-block-paragraph"></p>



<p class="wp-block-paragraph">Dienstag, 6. Std. und Mittwoch 7. Std. Leseinsel in R2</p>



<p class="wp-block-paragraph"></p>



<h4 class="wp-block-heading"><strong>LESEFÖRDERUNG:</strong></h4>



<p class="wp-block-paragraph">Zusammenarbeit mit:

Stadtbücherei
Mannheimer Morgen, 4. Klassen
Lesepatinnen</p>



<p class="wp-block-paragraph">Schulintern:

Bücherinsel
Aktionstag während der Frederickwoche
Feste Lesestunden
Lesetagebuch</p>



<h2 class="wp-block-heading"><strong>LESESCHULE:</strong></h2>



<p class="wp-block-paragraph">Ingrid Eisenhauer<br>Kontakt:<br><a href="mailto:ingrid.eisenhauer@mozartschule-mannheim.de">ingrid.eisenhauer@mozartschule-mannheim.de</a></p>



<p class="wp-block-paragraph"></p>



<h4 class="wp-block-heading"><strong>SPORT UND GESUNDHEIT:</strong></h4>



<p class="wp-block-paragraph">Eislaufen im Eislaufzentrum Herzogenried, 2. – 4. Klassen <a href="https://www.mannheim.de/de/service-bieten/sport/eislaufen/willkommen">(Klicken Sie hier um das Eislaufzentrum zu sehen.)</a></p>



<p class="wp-block-paragraph">Schwimmunterricht im Herschelbad, 3. Klassen <a href="https://www.mannheim.de/de/service-bieten/sport/schwimmbaeder/herschelbad">(Klicken Sie&nbsp;hier um das Herschelbad zu sehen.)</a></p>



<p class="wp-block-paragraph">Bundesjugendspiele</p>



<h4 class="wp-block-heading"><strong>GEWALTPRÄVENTION:</strong></h4>



<p class="wp-block-paragraph"><a href="http://mozartschule-mannheim.de/wp-content/uploads/2018/09/Hausordnung.pdf">Hausordnung</a></p>



<p class="wp-block-paragraph">Präventionswoche jeweils im Herbst
Stopphand
Streitschlichter/ Pausenhelfer
Patenschaften
Problemaufbereitung&nbsp;&#8211; im Klassen- und Einzelgespräch</p>



<h4 class="wp-block-heading"><strong>NATUR:</strong></h4>



<p class="wp-block-paragraph">Projektwoche
Schulhofbegrünung</p>



<h4 class="wp-block-heading">
Falkenbeobachtung: Bericht über die Wanderfalken im Turm der Konkordienkirche auf&nbsp;SWR 4:</h4>


<!--[if lt IE 9]><script>document.createElement('audio');</script><![endif]-->
<audio class="wp-audio-shortcode" id="audio-14-1" preload="none" style="width: 100%;" controls="controls"><source type="audio/mpeg" src="http://mozartschule-mannheim.de/wp-content/uploads/2018/07/03-04-2009_1248_uhr_regie2.mus_.mp3?_=1" /><a href="http://mozartschule-mannheim.de/wp-content/uploads/2018/07/03-04-2009_1248_uhr_regie2.mus_.mp3">http://mozartschule-mannheim.de/wp-content/uploads/2018/07/03-04-2009_1248_uhr_regie2.mus_.mp3</a></audio>



<figure class="wp-block-gallery has-nested-images columns-default is-cropped wp-block-gallery-1 is-layout-flex wp-block-gallery-is-layout-flex">
<figure class="wp-block-image size-large"><img loading="lazy" decoding="async" width="300" height="225" data-id="55" src="https://mozartschule-mannheim.de/wp-content/uploads/2018/07/Wanderfalken1.jpg" alt="" class="wp-image-55"/><figcaption class="wp-element-caption"><em><strong>Die Küken sind geschlüpft</strong></em></figcaption></figure>
</figure>



<figure class="wp-block-gallery has-nested-images columns-default is-cropped wp-block-gallery-2 is-layout-flex wp-block-gallery-is-layout-flex">
<figure class="wp-block-image size-large"><img loading="lazy" decoding="async" width="300" height="225" data-id="56" src="https://mozartschule-mannheim.de/wp-content/uploads/2018/07/Wanderfalken2.jpg" alt="" class="wp-image-56"/><figcaption class="wp-element-caption"><strong><em>Wann kommt Mama?</em></strong></figcaption></figure>
</figure>



<figure class="wp-block-gallery has-nested-images columns-default is-cropped wp-block-gallery-3 is-layout-flex wp-block-gallery-is-layout-flex">
<figure class="wp-block-image size-large"><img loading="lazy" decoding="async" width="300" height="225" data-id="57" src="https://mozartschule-mannheim.de/wp-content/uploads/2018/07/Wanderfalken3.jpg" alt="" class="wp-image-57"/><figcaption class="wp-element-caption"><em><strong>Auf zu neuen Taten</strong></em></figcaption></figure>
</figure>



<figure class="wp-block-gallery has-nested-images columns-default is-cropped wp-block-gallery-4 is-layout-flex wp-block-gallery-is-layout-flex">
<figure class="wp-block-image size-large"><img loading="lazy" decoding="async" width="300" height="225" data-id="58" src="https://mozartschule-mannheim.de/wp-content/uploads/2018/07/Wanderfalken4.jpg" alt="" class="wp-image-58"/><figcaption class="wp-element-caption"><strong><em>Der Ausreißer wird eingefangen</em></strong></figcaption></figure>
</figure>

<p>Montag, 6. Std. Schulchor in R2 Montag, 6. Std. Garten-AG in R2 Donnerstag, 1. Std. Schulchor in M6 Dienstag, 6. Std. und Mittwoch 7. Std. Leseinsel in R2 LESEFÖRDERUNG: Zusammenarbeit mit: Stadtbücherei Mannheimer Morgen, 4. Klassen Lesepatinnen Schulintern: Bücherinsel Aktionstag während der Frederickwoche Feste Lesestunden Lesetagebuch LESESCHULE: Ingrid EisenhauerKontakt:ingrid.eisenhauer@mozartschule-mannheim.de SPORT UND GESUNDHEIT: Eislaufen im Eislaufzentrum [&hellip;]</p>
