{"id":752,"date":"2024-06-25T09:45:56","date_gmt":"2024-06-25T07:45:56","guid":{"rendered":"https:\/\/mozartschule-mannheim.de\/?page_id=752"},"modified":"2025-06-26T11:12:21","modified_gmt":"2025-06-26T09:12:21","slug":"musik","status":"publish","type":"page","link":"https:\/\/mozartschule-mannheim.de\/?page_id=752","title":{"rendered":"Musik"},"content":{"rendered":"\n<p class=\"wp-block-paragraph\">Die gemeinsame Sprache der Musik bringt in der Mozartschule alle Sch\u00fclerinnen und Sch\u00fcler zusammen. Unser Sch\u00fclerchor und R2, der Sch\u00fclerchor in M6 und unsere Trommel-AG sowie der Lehrerchor bereichern unser Schulleben regelm\u00e4\u00dfig. Unser allj\u00e4hrliches Schulkonzerte, viele Schulhof- und Flurkonzerte sowie Auftritte bei Gottesdiensten und Einschulungsfeiern f\u00fcllen unseren Schulalltag und besondere Ereignisse mit Melodie und Rhythmus.<\/p>\n\n\n\n<figure class=\"wp-block-image size-large\"><img loading=\"lazy\" decoding=\"async\" width=\"1024\" height=\"743\" src=\"https:\/\/mozartschule-mannheim.de\/wp-content\/uploads\/2025\/06\/IMG_0138-1024x743.jpg\" alt=\"\" class=\"wp-image-955\" srcset=\"https:\/\/mozartschule-mannheim.de\/wp-content\/uploads\/2025\/06\/IMG_0138-1024x743.jpg 1024w, https:\/\/mozartschule-mannheim.de\/wp-content\/uploads\/2025\/06\/IMG_0138-300x218.jpg 300w, https:\/\/mozartschule-mannheim.de\/wp-content\/uploads\/2025\/06\/IMG_0138-768x558.jpg 768w, https:\/\/mozartschule-mannheim.de\/wp-content\/uploads\/2025\/06\/IMG_0138-1536x1115.jpg 1536w, https:\/\/mozartschule-mannheim.de\/wp-content\/uploads\/2025\/06\/IMG_0138-2048x1487.jpg 2048w\" sizes=\"auto, (max-width: 1024px) 100vw, 1024px\" \/><figcaption class=\"wp-element-caption\">Unser Schulkonzert in der Konkordienkirche war auch dieses Jahr wieder ein Highlight in unserem Schuljahr.<\/figcaption><\/figure>\n\n\n\n<figure class=\"wp-block-image aligncenter size-full is-resized\"><img loading=\"lazy\" decoding=\"async\" width=\"655\" height=\"725\" src=\"https:\/\/mozartschule-mannheim.de\/wp-content\/uploads\/2024\/07\/Flurkonzert-1.jpg\" alt=\"\" class=\"wp-image-846\" style=\"width:414px;height:auto\" srcset=\"https:\/\/mozartschule-mannheim.de\/wp-content\/uploads\/2024\/07\/Flurkonzert-1.jpg 655w, https:\/\/mozartschule-mannheim.de\/wp-content\/uploads\/2024\/07\/Flurkonzert-1-271x300.jpg 271w\" sizes=\"auto, (max-width: 655px) 100vw, 655px\" \/><figcaption class=\"wp-element-caption\">Der Auftakt zu unserem sommerlichen Flurkonzert war diesmal  ein Trommelst\u00fcck der 3. Klassen. Vielen Dank an Frau Meinhardt und Frau Fieber f\u00fcr die Organisation. <\/figcaption><\/figure>\n\n\n\n<figure class=\"wp-block-audio\"><audio controls src=\"http:\/\/mozartschule-mannheim.de\/wp-content\/uploads\/2024\/07\/Trommelstueck.m4a\"><\/audio><\/figure>\n\n\n\n<figure class=\"wp-block-image aligncenter size-large\"><img loading=\"lazy\" decoding=\"async\" width=\"1024\" height=\"1024\" src=\"https:\/\/mozartschule-mannheim.de\/wp-content\/uploads\/2024\/06\/IMG_9439-1024x1024.jpg\" alt=\"\" class=\"wp-image-820\" srcset=\"https:\/\/mozartschule-mannheim.de\/wp-content\/uploads\/2024\/06\/IMG_9439-1024x1024.jpg 1024w, https:\/\/mozartschule-mannheim.de\/wp-content\/uploads\/2024\/06\/IMG_9439-300x300.jpg 300w, https:\/\/mozartschule-mannheim.de\/wp-content\/uploads\/2024\/06\/IMG_9439-150x150.jpg 150w, https:\/\/mozartschule-mannheim.de\/wp-content\/uploads\/2024\/06\/IMG_9439-768x768.jpg 768w, https:\/\/mozartschule-mannheim.de\/wp-content\/uploads\/2024\/06\/IMG_9439-1536x1536.jpg 1536w, https:\/\/mozartschule-mannheim.de\/wp-content\/uploads\/2024\/06\/IMG_9439-100x100.jpg 100w, https:\/\/mozartschule-mannheim.de\/wp-content\/uploads\/2024\/06\/IMG_9439.jpg 1819w\" sizes=\"auto, (max-width: 1024px) 100vw, 1024px\" \/><figcaption class=\"wp-element-caption\">Musikinstrumentenbau w\u00e4hrend der Projekttage 2024<\/figcaption><\/figure>\n\n\n\n<figure class=\"wp-block-image aligncenter size-large is-resized\"><img loading=\"lazy\" decoding=\"async\" width=\"1024\" height=\"1024\" src=\"http:\/\/mozartschule-mannheim.de\/wp-content\/uploads\/2024\/06\/IMG_9442-1024x1024.jpg\" alt=\"\" class=\"wp-image-818\" style=\"width:673px;height:auto\" srcset=\"https:\/\/mozartschule-mannheim.de\/wp-content\/uploads\/2024\/06\/IMG_9442-1024x1024.jpg 1024w, https:\/\/mozartschule-mannheim.de\/wp-content\/uploads\/2024\/06\/IMG_9442-300x300.jpg 300w, https:\/\/mozartschule-mannheim.de\/wp-content\/uploads\/2024\/06\/IMG_9442-150x150.jpg 150w, https:\/\/mozartschule-mannheim.de\/wp-content\/uploads\/2024\/06\/IMG_9442-768x768.jpg 768w, https:\/\/mozartschule-mannheim.de\/wp-content\/uploads\/2024\/06\/IMG_9442-1536x1536.jpg 1536w, https:\/\/mozartschule-mannheim.de\/wp-content\/uploads\/2024\/06\/IMG_9442-2048x2048.jpg 2048w, https:\/\/mozartschule-mannheim.de\/wp-content\/uploads\/2024\/06\/IMG_9442-100x100.jpg 100w\" sizes=\"auto, (max-width: 1024px) 100vw, 1024px\" \/><figcaption class=\"wp-element-caption\">Fr\u00fchlingskonzert 2024 der Sch\u00fclerch\u00f6re aus M6,  R2 und des Lehrerchors<\/figcaption><\/figure>\n\n\n\n<figure class=\"wp-block-image aligncenter size-large\"><img loading=\"lazy\" decoding=\"async\" width=\"1024\" height=\"768\" src=\"https:\/\/mozartschule-mannheim.de\/wp-content\/uploads\/2024\/06\/IMG-20230428-WA0033-1-1024x768.jpg\" alt=\"\" class=\"wp-image-812\" srcset=\"https:\/\/mozartschule-mannheim.de\/wp-content\/uploads\/2024\/06\/IMG-20230428-WA0033-1-1024x768.jpg 1024w, https:\/\/mozartschule-mannheim.de\/wp-content\/uploads\/2024\/06\/IMG-20230428-WA0033-1-300x225.jpg 300w, https:\/\/mozartschule-mannheim.de\/wp-content\/uploads\/2024\/06\/IMG-20230428-WA0033-1-768x576.jpg 768w, https:\/\/mozartschule-mannheim.de\/wp-content\/uploads\/2024\/06\/IMG-20230428-WA0033-1-1536x1152.jpg 1536w, https:\/\/mozartschule-mannheim.de\/wp-content\/uploads\/2024\/06\/IMG-20230428-WA0033-1.jpg 2000w\" sizes=\"auto, (max-width: 1024px) 100vw, 1024px\" \/><figcaption class=\"wp-element-caption\">Auftritt der Trommel-AG beim Fr\u00fchlingsfest 2023<\/figcaption><\/figure>\n\n\n\n<figure class=\"wp-block-image aligncenter size-large is-resized\"><img loading=\"lazy\" decoding=\"async\" width=\"473\" height=\"1024\" src=\"https:\/\/mozartschule-mannheim.de\/wp-content\/uploads\/2024\/06\/IMG_20220704_091627-2-473x1024.jpg\" alt=\"\" class=\"wp-image-816\" style=\"width:674px;height:auto\" srcset=\"https:\/\/mozartschule-mannheim.de\/wp-content\/uploads\/2024\/06\/IMG_20220704_091627-2-473x1024.jpg 473w, https:\/\/mozartschule-mannheim.de\/wp-content\/uploads\/2024\/06\/IMG_20220704_091627-2-138x300.jpg 138w, https:\/\/mozartschule-mannheim.de\/wp-content\/uploads\/2024\/06\/IMG_20220704_091627-2-768x1664.jpg 768w, https:\/\/mozartschule-mannheim.de\/wp-content\/uploads\/2024\/06\/IMG_20220704_091627-2-709x1536.jpg 709w, https:\/\/mozartschule-mannheim.de\/wp-content\/uploads\/2024\/06\/IMG_20220704_091627-2-945x2048.jpg 945w, https:\/\/mozartschule-mannheim.de\/wp-content\/uploads\/2024\/06\/IMG_20220704_091627-2-scaled.jpg 1181w\" sizes=\"auto, (max-width: 473px) 100vw, 473px\" \/><figcaption class=\"wp-element-caption\">Flurkonzert <\/figcaption><\/figure>\n\n\n\n<figure class=\"wp-block-image aligncenter size-large\"><img loading=\"lazy\" decoding=\"async\" width=\"1024\" height=\"768\" src=\"http:\/\/mozartschule-mannheim.de\/wp-content\/uploads\/2024\/06\/20220209_113713-1024x768.jpg\" alt=\"\" class=\"wp-image-809\" srcset=\"https:\/\/mozartschule-mannheim.de\/wp-content\/uploads\/2024\/06\/20220209_113713-1024x768.jpg 1024w, https:\/\/mozartschule-mannheim.de\/wp-content\/uploads\/2024\/06\/20220209_113713-300x225.jpg 300w, https:\/\/mozartschule-mannheim.de\/wp-content\/uploads\/2024\/06\/20220209_113713-768x576.jpg 768w, https:\/\/mozartschule-mannheim.de\/wp-content\/uploads\/2024\/06\/20220209_113713-1536x1152.jpg 1536w, https:\/\/mozartschule-mannheim.de\/wp-content\/uploads\/2024\/06\/20220209_113713-2048x1536.jpg 2048w\" sizes=\"auto, (max-width: 1024px) 100vw, 1024px\" \/><figcaption class=\"wp-element-caption\">Autorenlesung Herr Bombelmann von Wolfgang Lambrecht<\/figcaption><\/figure>\n\n\n\n<p class=\"wp-block-paragraph\"><\/p>\n","protected":false},"excerpt":{"rendered":"<p>Die gemeinsame Sprache der Musik bringt in der Mozartschule alle Sch\u00fclerinnen und Sch\u00fcler zusammen. Unser Sch\u00fclerchor und R2, der Sch\u00fclerchor in M6 und unsere Trommel-AG sowie der Lehrerchor bereichern unser Schulleben regelm\u00e4\u00dfig. Unser allj\u00e4hrliches Schulkonzerte, viele Schulhof- und Flurkonzerte sowie Auftritte bei Gottesdiensten und Einschulungsfeiern f\u00fcllen unseren Schulalltag und besondere Ereignisse mit Melodie und Rhythmus.<\/p>\n","protected":false},"author":1,"featured_media":0,"parent":5,"menu_order":8,"comment_status":"closed","ping_status":"closed","template":"","meta":{"_crdt_document":"","footnotes":""},"class_list":["post-752","page","type-page","status-publish","hentry"],"_links":{"self":[{"href":"https:\/\/mozartschule-mannheim.de\/index.php?rest_route=\/wp\/v2\/pages\/752","targetHints":{"allow":["GET"]}}],"collection":[{"href":"https:\/\/mozartschule-mannheim.de\/index.php?rest_route=\/wp\/v2\/pages"}],"about":[{"href":"https:\/\/mozartschule-mannheim.de\/index.php?rest_route=\/wp\/v2\/types\/page"}],"author":[{"embeddable":true,"href":"https:\/\/mozartschule-mannheim.de\/index.php?rest_route=\/wp\/v2\/users\/1"}],"replies":[{"embeddable":true,"href":"https:\/\/mozartschule-mannheim.de\/index.php?rest_route=%2Fwp%2Fv2%2Fcomments&post=752"}],"version-history":[{"count":8,"href":"https:\/\/mozartschule-mannheim.de\/index.php?rest_route=\/wp\/v2\/pages\/752\/revisions"}],"predecessor-version":[{"id":956,"href":"https:\/\/mozartschule-mannheim.de\/index.php?rest_route=\/wp\/v2\/pages\/752\/revisions\/956"}],"up":[{"embeddable":true,"href":"https:\/\/mozartschule-mannheim.de\/index.php?rest_route=\/wp\/v2\/pages\/5"}],"wp:attachment":[{"href":"https:\/\/mozartschule-mannheim.de\/index.php?rest_route=%2Fwp%2Fv2%2Fmedia&parent=752"}],"curies":[{"name":"wp","href":"https:\/\/api.w.org\/{rel}","templated":true}]}}